 x be 2/7 - (4 - k/56). What is the highest common factor of 128 and x?
4
Let z(l) = -126*l**2 - l + 2. Let g be z(2). Let v be (g/(-98))/((-4)/42). Let n = -48 - v. What is the highest common factor of n and 12?
6
Let c = -83 + 80. Let x be 13 - 0/(-2) - (-9)/c. Suppose 0 = 15*h - x*h - 185. What is the highest common factor of 185 and h?
37
Let f = -260 + 263. Let y(x) = x**3 - 16*x + 35. Let d be y(f). Calculate the highest common divisor of 10 and d.
2
Suppose -175*n + 160*n = -26670. What is the highest common divisor of n and 381?
127
Suppose -5*b - p + 12 = -6, -3*b - 3*p + 18 = 0. Let m be (3 - 13/b)*(-7 - -1). Suppose 0 = -m*y + 680 + 200. Calculate the highest common factor of y and 10.
10
Suppose 0 = 5*f + 2*g - 5397, -23*g - 5389 = -5*f - 27*g. Calculate the greatest common factor of f and 69.
23
Let i(g) = 3*g + g**2 + g - 15 - 6*g. Suppose -54*n + 327 = -159. Let p be i(n). What is the highest common divisor of p and 72?
24
Let n(c) = 106*c + 1217. Let p be n(19). What is the highest common divisor of 27 and p?
9
Let l(f) = 6*f + 150. Suppose 0 = 4*j + 3*j + 119. Let m be l(j). Calculate the highest common factor of m and 384.
48
Suppose -2*d = o + 139, 0*d - d = 4*o + 59. Let x = d + 123. Calculate the highest common factor of 12 and x.
4
Suppose 284*l + 167954 = 589694. Calculate the highest common divisor of l and 385.
55
Let j(d) = d + 16. Let f = 172 - 166. Let t be j(f). What is the greatest common divisor of 2 and t?
2
Suppose 2*z - 34 = l, -4*z + 3*l - 26 = -6*z. Let m(o) = o**3 - 3*o**2 + 4. Let v be m(3). What is the greatest common factor of v and z?
4
Let n(t) be the first derivative of 9*t**2/2 - 84*t + 25. Let q be n(13). What is the highest common divisor of 12 and q?
3
Let v be 9/(-6)*12/(-3). Suppose 0 = v*i - 4*i - 6. Let y = i + 8. Calculate the greatest common divisor of 77 and y.
11
Let s(d) = d**3 + 41*d**2 + 129*d + 35. Let p be s(-37). Calculate the highest common factor of 144 and p.
18
Let d(x) = -5*x + 37. Let l be d(7). Suppose -l*f = -5*g + 2, -5 = f + g - 11. Let n be f/6 + 910/39. What is the highest common factor of 168 and n?
24
Suppose 420*o = 109*o + 2327835. What is the highest common factor of o and 15?
15
Suppose 0 = -4*n, -3*l + 10*n - 5*n = -1053. What is the greatest common factor of 143 and l?
13
Suppose 0 = 56*s - 1887 + 207. What is the highest common factor of 78 and s?
6
Suppose 5*z - 234 = 3*z. Let x be (-2*3/(-6) - -3)/(-2). Let v be x/(-11) - ((-326)/22 - -6). What is the highest common divisor of z and v?
9
Suppose -298 = -2*w - 8. Suppose -w = -7*s - 26. Let o(b) = -4*b + 6. Let v be o(-7). Calculate the greatest common divisor of s and v.
17
Let i(w) = 777*w**2 - 41*w - 5. Let g be i(-3). What is the highest common divisor of g and 39?
13
Suppose -4*q = -5*w + 284, 5*w = 10*q - 7*q + 283. Let n be (-3 - (2 - -88))/(-1). Let s = -51 + n. What is the greatest common divisor of w and s?
14
Let a be (2/2 - 0) + 3. Suppose -3*k = a*g - 288, -2*g - 96 = -k - 0*g. Let n be -20*(k/(-20) - -4). What is the greatest common divisor of n and 32?
16
Suppose 161 = 4*q - a - 0*a, 4*q + a - 159 = 0. Suppose 66 + 14 = 10*v. Suppose 18*p - v*p = 400. Calculate the highest common divisor of q and p.
40
Suppose 49*s = 38*s + 33*s - 5698. Calculate the greatest common factor of s and 63.
7
Suppose -406258 = -55*q - 100*q - 119818. What is the highest common divisor of 1344 and q?
168
Let z(q) = 5*q - 74. Let p(u) = -5*u + 24. Let d be p(0). Let o be z(d). Calculate the highest common divisor of o and 69.
23
Suppose 166*l = 3*k + 163*l - 9834, 13094 = 4*k + 2*l. What is the greatest common factor of 25 and k?
25
Suppose 6030 = 19*w + 2591. What is the greatest common divisor of w and 1?
1
Let g(h) = 28*h**2 - 81*h - 240. Let t be g(-4). Calculate the greatest common factor of t and 247.
19
Suppose -3*c = 151*c - 24486. Calculate the greatest common factor of c and 1219.
53
Suppose 7*b + 40 = 15*b. Suppose 0 = -4*h - 3*r + 191 + 29, -r = b*h - 275. Let w = -1 + 6. Calculate the greatest common factor of w and h.
5
Suppose -f - 9 = -4*o, -f = -2*o - o + 7. Let v(r) = 9*r**3 - 2*r**2 - 5*r + 4. Let y be v(o). Let q = y - 25. What is the highest common factor of 22 and q?
11
Let o(j) = -4*j**2 + 40*j - 15. Let m be o(9). What is the highest common divisor of m and 17241?
21
Suppose -5*n - 827 = 3*o, -3*o + 3 = -0*o. Let v = n + 200. Calculate the highest common factor of 17 and v.
17
Let j(d) = -20*d**3 - 2*d**2 - 4. Let r be j(-2). Let z(i) = 185*i**2 + 114*i + 114. Let y be z(-1). What is the highest common factor of r and y?
37
Let k(s) = -11*s - 9. Let l be k(-9). Suppose 73 = 5*t - 4*f - 203, -3*f = -4*t + 222. What is the highest common factor of t and l?
30
Let h(m) = m**2 + 31*m + 80. Let u be h(-28). Let w be (-2691)/(-18) - u/8. Calculate the highest common divisor of w and 375.
75
Suppose 2*t = 3*p - 210, 5*p - 122 = 5*t + 223. Let y = 20 - 55. Let l be (36 - 0)*y/(-140). What is the greatest common divisor of p and l?
9
Suppose 61*k = 1884 + 2706 - 1113. What is the highest common factor of k and 13?
1
Suppose 3*c - 16*v + 12*v = 360, 0 = -2*c + 2*v + 238. Let d = c + -86. What is the highest common divisor of 18 and d?
6
Let c(g) = -g - 23. Let y be c(-26). Suppose 0 = -y*q + 2*i + 1132 + 414, 1052 = 2*q + 4*i. What is the highest common divisor of q and 148?
74
Let z(c) = -7*c**3 - 2*c**2 + 149*c + 294. Let k be z(-2). What is the highest common factor of k and 76?
4
Let p be (-42)/((-2)/(-4) + -2). Let z = 53 - p. Suppose -1713 = -14*s - 1643. What is the greatest common divisor of z and s?
5
Suppose 155*p = 151*p + 280. Calculate the greatest common factor of 4095 and p.
35
Suppose -30 = -58*p + 64*p. Let i(j) = -3*j + 7. Let r be i(p). What is the highest common factor of 77 and r?
11
Suppose y = 5*s + 22, 2*y + 3*s - 92 = s. What is the highest common divisor of 8 and y?
2
Suppose 1425 = -27*x + 32*x. Suppose -x + 1605 = 8*r. Suppose 2*p + 86 = 4*p - 5*d, 2*p + 5*d = 46. What is the greatest common factor of r and p?
33
Suppose 0*v + 630 = 10*v. Let o = v - 61. Suppose 15 = o*r - 1. What is the highest common divisor of r and 32?
8
Let r(b) = -46*b - 964. Let c be r(-22). What is the greatest common divisor of 108 and c?
12
Suppose -s = 5*s - 12. Let m = 13 - s. Let f = 13 + -2. Calculate the greatest common factor of m and f.
11
Suppose 5*u + 2*v = 24917, -169*u + 174*u - 3*v - 24912 = 0. What is the greatest common divisor of 66 and u?
33
Let x(t) = -t**3 + 14*t**2 - 23*t - 12. Let j be x(12). Suppose -30*m - 15 + 1095 = j. Calculate the greatest common factor of 96 and m.
12
Let n be 87/6 + 6/12. Let i = 32 - n. Suppose 2*m = j - i, -5*j - 5*m = -16 - 54. Calculate the highest common factor of 6 and j.
3
Let n be (-352)/33*(4 + (-329)/14). What is the highest common factor of 754 and n?
26
Let f be -2 + (-12 - 2450/(-5)). Calculate the highest common divisor of f and 812.
28
Let m(j) = -j**2 + 10*j + 4. Let c be m(6). Let l = -287 + 457. Suppose -5*z + 274 = -9*f + 6*f, l = 3*z + f. What is the greatest common factor of z and c?
28
Let z be (-5 + 70/10)*20. What is the greatest common factor of z and 155?
5
Suppose 17*b = 24038 + 5457. What is the highest common factor of b and 5?
5
Let g = 17 - 13. Suppose -6 - g = -l. Suppose -900 = h - l*h. What is the highest common divisor of 10 and h?
10
Suppose 48*u + 6 = 51*u. Suppose -7 = -4*w + 4*a - 15, u*w = 3*a - 8. What is the highest common factor of 50 and w?
2
Suppose 11*u - 15*u = 1328. Let r = u + 492. What is the greatest common factor of r and 8?
8
Let u = -882 + 1337. Suppose 11*n + 158 = u. What is the highest common divisor of n and 45?
9
Let x(o) = -6*o - 150. Let y be x(0). Let g = y + 248. What is the highest common divisor of g and 245?
49
Let b(v) = 40*v**2 + 2599*v + 63. Let k be b(-65). Calculate the greatest common factor of 148 and k.
4
Suppose -3*r = -8*r + a - 47, -37 = 3*r - 5*a. Let o be ((-22)/r*-3)/((-10)/75). Let u = o - 54. Calculate the greatest common factor of u and 11.
1
Suppose -18 = -3*p, -695*b - 2*p = -690*b - 3057. Calculate the greatest common divisor of 464 and b.
29
Suppose 56*g - 61*g = 3*k - 845, 3*k - 861 = 3*g. Calculate the greatest common factor of 9120 and k.
285
Let v be (-1)/3 + 133/2